{"id":2595,"date":"2026-09-04T13:22:26","date_gmt":"2026-09-04T11:22:26","guid":{"rendered":"https:\/\/www.caminolebaniego.com\/eventos\/?post_type=tribe_events&#038;p=2595"},"modified":"2026-09-04T13:22:26","modified_gmt":"2026-09-04T11:22:26","slug":"kambrass-quintet-en-concierto","status":"publish","type":"tribe_events","link":"https:\/\/www.caminolebaniego.com\/eventos\/?tribe_events=kambrass-quintet-en-concierto","title":{"rendered":"Kambrass Quintet en concierto"},"content":{"rendered":"<p>La Fundaci\u00f3n Camino Lebaniego organiza, en colaboraci\u00f3n con la Sociedad Men\u00e9ndez Pelayo, el concierto <b>\u201cTransfoliaci\u00f3n: Metamorfosis de la fol\u00eda\u201d<\/b>, interpretado por\u00a0<b><span class=\"mark81izsp1ee\" data-markjs=\"true\" data-ogac=\"\" data-ogab=\"\" data-ogsc=\"\" data-ogsb=\"\" data-ogsbtc=\"\" data-ogsbrc=\"\" data-ogsbbc=\"\" data-ogsblc=\"\">KamBrass<\/span>\u00a0Quintet<\/b>, previsto para el pr\u00f3ximo\u00a0<b>12 de septiembre de 2026 a las 18:00 horas<\/b>\u00a0en la\u00a0<b>Iglesia de Santa Mar\u00eda de las Henestrosas (Valdeolea)<\/b>, dentro de la programaci\u00f3n cultural vinculada a las Jornadas Europeas del Patrimonio 2026.<\/p>\n<p>La entrada es gratuita hasta completar aforo.<\/p>\n<p>Desde hace varios a\u00f1os la Sociedad Men\u00e9ndez Pelayo viene organizando conciertos de divulgaci\u00f3n en diferentes iglesias de Valdeolea con el fin de popularizar la m\u00fasica cl\u00e1sica entre un p\u00fablico que normalmente no tiene un f\u00e1cil acceso a la misma y de poner en valor los diferentes escenarios del Valle de Valdeolea que forman parte del Camino Olvidado. Estos conciertos se caracterizan adem\u00e1s por una clara intenci\u00f3n did\u00e1ctica: los concertistas hablan con el p\u00fablico, explican las obras, dan informaci\u00f3n sobre su composici\u00f3n, su estructura, su repercusi\u00f3n, sobre el autor y la \u00e9poca.<\/p>\n<p>El quinteto KamBrass Quintet es una de las formaciones con m\u00e1s proyecci\u00f3n del panorama musical actual. Formado por cinco amigos (\u00cd\u00f1igo Oc\u00f3n, Mar\u00eda Servera, Xavier Gil, Joan P\u00e0mies y Oriol Reverter) con una pasi\u00f3n compartida por la m\u00fasica de c\u00e1mara, el quinteto destaca por su versatilidad, combinando estrenos de obras in\u00e9ditas, repertorio original y arreglos idiom\u00e1ticos, siempre con la musicalidad como eje vertebrador.<\/p>\n<p>Durante su trayectoria, KamBrass ha sido reconocido con importantes galardones internacionales, incluyendo el Philip Jones Prize en el Royal Overseas League (ROSL) de Londres (2024) y el 2\u00ba Premio en la Philip Jones International Brass Ensemble Competition en Birmingham (2023). Tambi\u00e9n ha recibido el 1er Premio en el Philip Jones Brass Preis (Lucerna, 2022), el 2.\u00ba Premio en el concurso Ant\u00f3n Garc\u00eda Abril (Granada, 2022), el 2\u00ba Premio en el Orpheus Swiss Chamber Music Competition y el American Brass Quintet Prize en el Fischoff Chamber Music Competition (EE. UU., 2021), entre muchos otros reconocimientos.<\/p>\n<p>El concierto recorre la historia de la fol\u00eda desde las composiciones de Juan del Encina en el siglo XV hasta las del estadounidense Jan Bach en el siglo XX.<\/p>\n<p><strong>Programa<\/strong><\/p>\n<p><em>Transfoliaci\u00f3n: Metamorfosis de la fol\u00eda<\/em><br \/>\nJan Bach<br \/>\n<em>Foliations: Tema<\/em><br \/>\nJuan del Encina<br \/>\n<em>Hoy comamos y bebamos<\/em><br \/>\nJean-Baptiste Lully<br \/>\n<em>Les Folies d\u2019Espagne<\/em><br \/>\nJan Bach<br \/>\n<em>Foliations: Variaciones<\/em><br \/>\nManuel de Falla<br \/>\n<em>Danza No 1 (de La Vida Breve)<\/em><br \/>\n<em>Danza Ritual del Fuego (de El Amor Brujo)<\/em><br \/>\n<em>Danza del Molinero, Farruca (de El sombrero de los tres picos)<\/em><br \/>\nJan Bach<br \/>\n<em>Foliations: Variaciones<\/em><br \/>\nEnrique Granados<br \/>\n<em>Danzas espa\u00f1olas<\/em><br \/>\nJan Bach<br \/>\n<em>Foliations: Variaciones<\/em><\/p>\n","protected":false},"excerpt":{"rendered":"<p>La Fundaci\u00f3n Camino Lebaniego organiza, en colaboraci\u00f3n con la Sociedad Men\u00e9ndez Pelayo, el concierto \u201cTransfoliaci\u00f3n: Metamorfosis de la fol\u00eda\u201d, interpretado por\u00a0KamBrass\u00a0Quintet, previsto para el pr\u00f3ximo\u00a012 de septiembre de 2026 a&#8230;<\/p>\n","protected":false},"author":2,"featured_media":2596,"comment_status":"closed","ping_status":"closed","template":"","meta":{"_tribe_events_status":"","_tribe_events_status_reason":"","footnotes":""},"tags":[],"tribe_events_cat":[22,17],"class_list":["post-2595","tribe_events","type-tribe_events","status-publish","has-post-thumbnail","tribe_events_cat-concierto","tribe_events_cat-espectaculos","cat_concierto","cat_espectaculos"],"_links":{"self":[{"href":"https:\/\/www.caminolebaniego.com\/eventos\/index.php?rest_route=\/wp\/v2\/tribe_events\/2595","targetHints":{"allow":["GET"]}}],"collection":[{"href":"https:\/\/www.caminolebaniego.com\/eventos\/index.php?rest_route=\/wp\/v2\/tribe_events"}],"about":[{"href":"https:\/\/www.caminolebaniego.com\/eventos\/index.php?rest_route=\/wp\/v2\/types\/tribe_events"}],"author":[{"embeddable":true,"href":"https:\/\/www.caminolebaniego.com\/eventos\/index.php?rest_route=\/wp\/v2\/users\/2"}],"replies":[{"embeddable":true,"href":"https:\/\/www.caminolebaniego.com\/eventos\/index.php?rest_route=%2Fwp%2Fv2%2Fcomments&post=2595"}],"version-history":[{"count":1,"href":"https:\/\/www.caminolebaniego.com\/eventos\/index.php?rest_route=\/wp\/v2\/tribe_events\/2595\/revisions"}],"predecessor-version":[{"id":2598,"href":"https:\/\/www.caminolebaniego.com\/eventos\/index.php?rest_route=\/wp\/v2\/tribe_events\/2595\/revisions\/2598"}],"wp:featuredmedia":[{"embeddable":true,"href":"https:\/\/www.caminolebaniego.com\/eventos\/index.php?rest_route=\/wp\/v2\/media\/2596"}],"wp:attachment":[{"href":"https:\/\/www.caminolebaniego.com\/eventos\/index.php?rest_route=%2Fwp%2Fv2%2Fmedia&parent=2595"}],"wp:term":[{"taxonomy":"post_tag","embeddable":true,"href":"https:\/\/www.caminolebaniego.com\/eventos\/index.php?rest_route=%2Fwp%2Fv2%2Ftags&post=2595"},{"taxonomy":"tribe_events_cat","embeddable":true,"href":"https:\/\/www.caminolebaniego.com\/eventos\/index.php?rest_route=%2Fwp%2Fv2%2Ftribe_events_cat&post=2595"}],"curies":[{"name":"wp","href":"https:\/\/api.w.org\/{rel}","templated":true}]}}

<p>La Fundación Camino Lebaniego organiza, en colaboración con la Sociedad Menéndez Pelayo, el concierto <b>“Transfoliación: Metamorfosis de la folía”</b>, interpretado por <b><span class="mark81izsp1ee" data-markjs="true" data-ogac="" data-ogab="" data-ogsc="" data-ogsb="" data-ogsbtc="" data-ogsbrc="" data-ogsbbc="" data-ogsblc="">KamBrass</span> Quintet</b>, previsto para el próximo <b>12 de septiembre de 2026 a las 18:00 horas</b> en la <b>Iglesia de Santa María de las Henestrosas (Valdeolea)</b>, dentro de la programación cultural vinculada a las Jornadas Europeas del Patrimonio 2026.</p>
<p>La entrada es gratuita hasta completar aforo.</p>
<p>Desde hace varios años la Sociedad Menéndez Pelayo viene organizando conciertos de divulgación en diferentes iglesias de Valdeolea con el fin de popularizar la música clásica entre un público que normalmente no tiene un fácil acceso a la misma y de poner en valor los diferentes escenarios del Valle de Valdeolea que forman parte del Camino Olvidado. Estos conciertos se caracterizan además por una clara intención didáctica: los concertistas hablan con el público, explican las obras, dan información sobre su composición, su estructura, su repercusión, sobre el autor y la época.</p>
<p>El quinteto KamBrass Quintet es una de las formaciones con más proyección del panorama musical actual. Formado por cinco amigos (Íñigo Ocón, María Servera, Xavier Gil, Joan Pàmies y Oriol Reverter) con una pasión compartida por la música de cámara, el quinteto destaca por su versatilidad, combinando estrenos de obras inéditas, repertorio original y arreglos idiomáticos, siempre con la musicalidad como eje vertebrador.</p>
<p>Durante su trayectoria, KamBrass ha sido reconocido con importantes galardones internacionales, incluyendo el Philip Jones Prize en el Royal Overseas League (ROSL) de Londres (2024) y el 2º Premio en la Philip Jones International Brass Ensemble Competition en Birmingham (2023). También ha recibido el 1er Premio en el Philip Jones Brass Preis (Lucerna, 2022), el 2.º Premio en el concurso Antón García Abril (Granada, 2022), el 2º Premio en el Orpheus Swiss Chamber Music Competition y el American Brass Quintet Prize en el Fischoff Chamber Music Competition (EE. UU., 2021), entre muchos otros reconocimientos.</p>
<p>El concierto recorre la historia de la folía desde las composiciones de Juan del Encina en el siglo XV hasta las del estadounidense Jan Bach en el siglo XX.</p>
<p><strong>Programa</strong></p>
<p><em>Transfoliación: Metamorfosis de la folía</em><br />
Jan Bach<br />
<em>Foliations: Tema</em><br />
Juan del Encina<br />
<em>Hoy comamos y bebamos</em><br />
Jean-Baptiste Lully<br />
<em>Les Folies d’Espagne</em><br />
Jan Bach<br />
<em>Foliations: Variaciones</em><br />
Manuel de Falla<br />
<em>Danza No 1 (de La Vida Breve)</em><br />
<em>Danza Ritual del Fuego (de El Amor Brujo)</em><br />
<em>Danza del Molinero, Farruca (de El sombrero de los tres picos)</em><br />
Jan Bach<br />
<em>Foliations: Variaciones</em><br />
Enrique Granados<br />
<em>Danzas españolas</em><br />
Jan Bach<br />
<em>Foliations: Variaciones</em></p>

<p>La Fundación Camino Lebaniego organiza, en colaboración con la Sociedad Menéndez Pelayo, el concierto “Transfoliación: Metamorfosis de la folía”, interpretado por KamBrass Quintet, previsto para el próximo 12 de septiembre de 2026 a&#8230;</p>
